{"id":64425,"date":"2021-12-07T15:48:14","date_gmt":"2021-12-07T14:48:14","guid":{"rendered":"https:\/\/bice.org\/?page_id=64425"},"modified":"2023-05-11T10:34:21","modified_gmt":"2023-05-11T08:34:21","slug":"infographies-og-n25-les-droits-de-lenfant-en-relation-avec-lenvironnement-numerique","status":"publish","type":"page","link":"https:\/\/bice.org\/fr\/le-bice\/des-ressources-pour-les-membres\/infographies-og-n25-les-droits-de-lenfant-en-relation-avec-lenvironnement-numerique\/","title":{"rendered":"Droits de l&#8217;enfant et environnement num\u00e9rique"},"content":{"rendered":"\n<p>L\u2019environnement num\u00e9rique prend une place de plus en plus importante dans la plupart des aspects de la vie des enfants. Il offre de nouvelles possibilit\u00e9s pour la r\u00e9alisation des droits de l\u2019enfant, mais comporte aussi des risques de violations de ces droits ou d\u2019atteinte \u00e0 ces droits.&nbsp;L\u2019Observation g\u00e9n\u00e9rale n\u00b025 du Comit\u00e9 des droits de l\u2019enfant de l\u2019ONU sur&nbsp;<em>Les droits de l\u2019enfant en relation avec l\u2019environnement num\u00e9rique&nbsp;<\/em>(2021) reconna\u00eet&nbsp;le&nbsp;r\u00f4le significatif de l\u2019internet dans le d\u00e9veloppement des enfants, mais, en m\u00eame temps, elle \u00e9veille les consciences sur la magnitude et l\u2019impact de la violence en ligne sur les enfants. Elle&nbsp;indique aussi des pistes d\u2019actions pour les \u00c9tats, le monde d\u2019internet et des r\u00e9seaux sociaux et les acteurs de la soci\u00e9t\u00e9 civile. L\u2019infographie de l\u2019Observation g\u00e9n\u00e9rale n\u00b025, \u00e9labor\u00e9e par le BICE, explique avec des mots simples ce que les acteurs concern\u00e9s devraient faire pour mieux accompagner les enfants en ligne.<\/p>\n\n\n\n<p>Informez-vous en cliquant sur l\u2019infographie du BICE ci-dessous et agissons maintenant&nbsp;!<\/p>\n\n\n\n<figure class=\"wp-block-image size-large\"><a href=\"https:\/\/bice.org\/app\/uploads\/2021\/12\/OG25-FRENCH.pdf\"><img data-recalc-dims=\"1\" decoding=\"async\" width=\"724\" height=\"1024\" src=\"https:\/\/i0.wp.com\/bice.org\/app\/uploads\/2021\/12\/OG25-FRENCH-1.jpg?resize=724%2C1024&#038;ssl=1\" alt=\"infographies environnement num\u00e9rique\" class=\"wp-image-64441\" srcset=\"https:\/\/i0.wp.com\/bice.org\/app\/uploads\/2021\/12\/OG25-FRENCH-1-scaled.jpg?resize=724%2C1024&amp;ssl=1 724w, https:\/\/i0.wp.com\/bice.org\/app\/uploads\/2021\/12\/OG25-FRENCH-1-scaled.jpg?resize=212%2C300&amp;ssl=1 212w, https:\/\/i0.wp.com\/bice.org\/app\/uploads\/2021\/12\/OG25-FRENCH-1-scaled.jpg?resize=768%2C1086&amp;ssl=1 768w, https:\/\/i0.wp.com\/bice.org\/app\/uploads\/2021\/12\/OG25-FRENCH-1-scaled.jpg?resize=1086%2C1536&amp;ssl=1 1086w, https:\/\/i0.wp.com\/bice.org\/app\/uploads\/2021\/12\/OG25-FRENCH-1-scaled.jpg?resize=1448%2C2048&amp;ssl=1 1448w, https:\/\/i0.wp.com\/bice.org\/app\/uploads\/2021\/12\/OG25-FRENCH-1-scaled.jpg?resize=410%2C580&amp;ssl=1 410w, https:\/\/i0.wp.com\/bice.org\/app\/uploads\/2021\/12\/OG25-FRENCH-1-scaled.jpg?resize=600%2C849&amp;ssl=1 600w, https:\/\/i0.wp.com\/bice.org\/app\/uploads\/2021\/12\/OG25-FRENCH-1-scaled.jpg?w=1810&amp;ssl=1 1810w\" sizes=\"(max-width: 724px) 100vw, 724px\" \/><\/a><figcaption class=\"wp-element-caption\">\u00a9 BICE<\/figcaption><\/figure>\n","protected":false},"excerpt":{"rendered":"<p>L\u2019environnement num\u00e9rique prend une place de plus en plus importante. Informez-vous avec l\u2019infographie du BICE et agissons maintenant\u00a0!<\/p>\n","protected":false},"author":19,"featured_media":56460,"parent":60592,"menu_order":5,"comment_status":"closed","ping_status":"closed","template":"","meta":{"_acf_changed":false,"footnotes":""},"class_list":["post-64425","page","type-page","status-publish","has-post-thumbnail","hentry"],"acf":[],"yoast_head":"<!-- This site is optimized with the Yoast SEO plugin v27.2 - https:\/\/yoast.com\/product\/yoast-seo-wordpress\/ -->\n<title>Droits de l&#039;enfant et environnement num\u00e9rique - le BICE<\/title>\n<meta name=\"description\" content=\"L\u2019environnement num\u00e9rique prend une place de plus en plus importante. Informez-vous avec l\u2019infographie du BICE et agissons maintenant\u00a0!\" \/>\n<meta name=\"robots\" content=\"index, follow, max-snippet:-1, max-image-preview:large, max-video-preview:-1\" \/>\n<link rel=\"canonical\" href=\"https:\/\/bice.org\/fr\/wp-json\/wp\/v2\/pages\/64425\" \/>\n<meta property=\"og:locale\" content=\"fr_FR\" \/>\n<meta property=\"og:type\" content=\"article\" \/>\n<meta property=\"og:title\" content=\"Droits de l&#039;enfant et environnement num\u00e9rique - le BICE\" \/>\n<meta property=\"og:description\" content=\"L\u2019environnement num\u00e9rique prend une place de plus en plus importante. Informez-vous avec l\u2019infographie du BICE et agissons maintenant\u00a0!\" \/>\n<meta property=\"og:url\" content=\"https:\/\/bice.org\/fr\/le-bice\/des-ressources-pour-les-membres\/infographies-og-n25-les-droits-de-lenfant-en-relation-avec-lenvironnement-numerique\/\" \/>\n<meta property=\"og:site_name\" content=\"BICE - ONG de protection des droits de l&#039;enfant\" \/>\n<meta property=\"article:modified_time\" content=\"2023-05-11T08:34:21+00:00\" \/>\n<meta property=\"og:image\" content=\"https:\/\/i0.wp.com\/bice.org\/app\/uploads\/2021\/03\/enfants-tablette-e1680252502246.jpg?fit=1000%2C580&ssl=1\" \/>\n\t<meta property=\"og:image:width\" content=\"1000\" \/>\n\t<meta property=\"og:image:height\" content=\"580\" \/>\n\t<meta property=\"og:image:type\" content=\"image\/jpeg\" \/>\n<meta name=\"twitter:card\" content=\"summary_large_image\" \/>\n<meta name=\"twitter:label1\" content=\"Dur\u00e9e de lecture estim\u00e9e\" \/>\n\t<meta name=\"twitter:data1\" content=\"2 minutes\" \/>\n<!-- \/ Yoast SEO plugin. -->","yoast_head_json":{"title":"Droits de l'enfant et environnement num\u00e9rique - le BICE","description":"L\u2019environnement num\u00e9rique prend une place de plus en plus importante. Informez-vous avec l\u2019infographie du BICE et agissons maintenant\u00a0!","robots":{"index":"index","follow":"follow","max-snippet":"max-snippet:-1","max-image-preview":"max-image-preview:large","max-video-preview":"max-video-preview:-1"},"canonical":"https:\/\/bice.org\/fr\/wp-json\/wp\/v2\/pages\/64425","og_locale":"fr_FR","og_type":"article","og_title":"Droits de l'enfant et environnement num\u00e9rique - le BICE","og_description":"L\u2019environnement num\u00e9rique prend une place de plus en plus importante. Informez-vous avec l\u2019infographie du BICE et agissons maintenant\u00a0!","og_url":"https:\/\/bice.org\/fr\/le-bice\/des-ressources-pour-les-membres\/infographies-og-n25-les-droits-de-lenfant-en-relation-avec-lenvironnement-numerique\/","og_site_name":"BICE - ONG de protection des droits de l&#039;enfant","article_modified_time":"2023-05-11T08:34:21+00:00","og_image":[{"width":1000,"height":580,"url":"https:\/\/i0.wp.com\/bice.org\/app\/uploads\/2021\/03\/enfants-tablette-e1680252502246.jpg?fit=1000%2C580&ssl=1","type":"image\/jpeg"}],"twitter_card":"summary_large_image","twitter_misc":{"Dur\u00e9e de lecture estim\u00e9e":"2 minutes"},"schema":{"@context":"https:\/\/schema.org","@graph":[{"@type":"WebPage","@id":"https:\/\/bice.org\/fr\/le-bice\/des-ressources-pour-les-membres\/infographies-og-n25-les-droits-de-lenfant-en-relation-avec-lenvironnement-numerique\/","url":"https:\/\/bice.org\/fr\/le-bice\/des-ressources-pour-les-membres\/infographies-og-n25-les-droits-de-lenfant-en-relation-avec-lenvironnement-numerique\/","name":"Droits de l'enfant et environnement num\u00e9rique - le BICE","isPartOf":{"@id":"https:\/\/bice.org\/fr\/#website"},"primaryImageOfPage":{"@id":"https:\/\/bice.org\/fr\/le-bice\/des-ressources-pour-les-membres\/infographies-og-n25-les-droits-de-lenfant-en-relation-avec-lenvironnement-numerique\/#primaryimage"},"image":{"@id":"https:\/\/bice.org\/fr\/le-bice\/des-ressources-pour-les-membres\/infographies-og-n25-les-droits-de-lenfant-en-relation-avec-lenvironnement-numerique\/#primaryimage"},"thumbnailUrl":"https:\/\/i0.wp.com\/bice.org\/app\/uploads\/2021\/03\/enfants-tablette-e1680252502246.jpg?fit=1000%2C580&ssl=1","datePublished":"2021-12-07T14:48:14+00:00","dateModified":"2023-05-11T08:34:21+00:00","description":"L\u2019environnement num\u00e9rique prend une place de plus en plus importante. Informez-vous avec l\u2019infographie du BICE et agissons maintenant\u00a0!","breadcrumb":{"@id":"https:\/\/bice.org\/fr\/le-bice\/des-ressources-pour-les-membres\/infographies-og-n25-les-droits-de-lenfant-en-relation-avec-lenvironnement-numerique\/#breadcrumb"},"inLanguage":"fr-FR","potentialAction":[{"@type":"ReadAction","target":["https:\/\/bice.org\/fr\/le-bice\/des-ressources-pour-les-membres\/infographies-og-n25-les-droits-de-lenfant-en-relation-avec-lenvironnement-numerique\/"]}]},{"@type":"ImageObject","inLanguage":"fr-FR","@id":"https:\/\/bice.org\/fr\/le-bice\/des-ressources-pour-les-membres\/infographies-og-n25-les-droits-de-lenfant-en-relation-avec-lenvironnement-numerique\/#primaryimage","url":"https:\/\/i0.wp.com\/bice.org\/app\/uploads\/2021\/03\/enfants-tablette-e1680252502246.jpg?fit=1000%2C580&ssl=1","contentUrl":"https:\/\/i0.wp.com\/bice.org\/app\/uploads\/2021\/03\/enfants-tablette-e1680252502246.jpg?fit=1000%2C580&ssl=1","width":1000,"height":580,"caption":"num\u00e9rique - s\u00e9curit\u00e9 des enfants sur Internet"},{"@type":"BreadcrumbList","@id":"https:\/\/bice.org\/fr\/le-bice\/des-ressources-pour-les-membres\/infographies-og-n25-les-droits-de-lenfant-en-relation-avec-lenvironnement-numerique\/#breadcrumb","itemListElement":[{"@type":"ListItem","position":1,"name":"Accueil","item":"https:\/\/bice.org\/fr\/"},{"@type":"ListItem","position":2,"name":"Le BICE, une ONG de protection des droits de l&#8217;enfant","item":"https:\/\/bice.org\/fr\/le-bice\/"},{"@type":"ListItem","position":3,"name":"Des ressources documentaires","item":"https:\/\/bice.org\/fr\/le-bice\/des-ressources-pour-les-membres\/"},{"@type":"ListItem","position":4,"name":"Droits de l&#8217;enfant et environnement num\u00e9rique"}]},{"@type":"WebSite","@id":"https:\/\/bice.org\/fr\/#website","url":"https:\/\/bice.org\/fr\/","name":"BICE - ONG de protection des droits de l&#039;enfant","description":"Notre mission : D\u00e9fendre les droits et la dignit\u00e9 des enfants partout dans le monde","publisher":{"@id":"https:\/\/bice.org\/fr\/#organization"},"potentialAction":[{"@type":"SearchAction","target":{"@type":"EntryPoint","urlTemplate":"https:\/\/bice.org\/fr\/?s={search_term_string}"},"query-input":{"@type":"PropertyValueSpecification","valueRequired":true,"valueName":"search_term_string"}}],"inLanguage":"fr-FR"},{"@type":"Organization","@id":"https:\/\/bice.org\/fr\/#organization","name":"BICE","url":"https:\/\/bice.org\/fr\/","logo":{"@type":"ImageObject","inLanguage":"fr-FR","@id":"https:\/\/bice.org\/fr\/#\/schema\/logo\/image\/","url":"https:\/\/bice.org\/app\/uploads\/2022\/06\/favicon.ico","contentUrl":"https:\/\/bice.org\/app\/uploads\/2022\/06\/favicon.ico","width":64,"height":64,"caption":"BICE"},"image":{"@id":"https:\/\/bice.org\/fr\/#\/schema\/logo\/image\/"}}]}},"jetpack_sharing_enabled":true,"_links":{"self":[{"href":"https:\/\/bice.org\/fr\/wp-json\/wp\/v2\/pages\/64425","targetHints":{"allow":["GET"]}}],"collection":[{"href":"https:\/\/bice.org\/fr\/wp-json\/wp\/v2\/pages"}],"about":[{"href":"https:\/\/bice.org\/fr\/wp-json\/wp\/v2\/types\/page"}],"author":[{"embeddable":true,"href":"https:\/\/bice.org\/fr\/wp-json\/wp\/v2\/users\/19"}],"replies":[{"embeddable":true,"href":"https:\/\/bice.org\/fr\/wp-json\/wp\/v2\/comments?post=64425"}],"version-history":[{"count":0,"href":"https:\/\/bice.org\/fr\/wp-json\/wp\/v2\/pages\/64425\/revisions"}],"up":[{"embeddable":true,"href":"https:\/\/bice.org\/fr\/wp-json\/wp\/v2\/pages\/60592"}],"wp:featuredmedia":[{"embeddable":true,"href":"https:\/\/bice.org\/fr\/wp-json\/wp\/v2\/media\/56460"}],"wp:attachment":[{"href":"https:\/\/bice.org\/fr\/wp-json\/wp\/v2\/media?parent=64425"}],"curies":[{"name":"wp","href":"https:\/\/api.w.org\/{rel}","templated":true}]}}

Droits de l&#8217;enfant et environnement numérique

<p>L’environnement numérique prend une place de plus en plus importante dans la plupart des aspects de la vie des enfants. Il offre de nouvelles possibilités pour la réalisation des droits de l’enfant, mais comporte aussi des risques de violations de ces droits ou d’atteinte à ces droits.&nbsp;L’Observation générale n°25 du Comité des droits de l’enfant de l’ONU sur&nbsp;<em>Les droits de l’enfant en relation avec l’environnement numérique&nbsp;</em>(2021) reconnaît&nbsp;le&nbsp;rôle significatif de l’internet dans le développement des enfants, mais, en même temps, elle éveille les consciences sur la magnitude et l’impact de la violence en ligne sur les enfants. Elle&nbsp;indique aussi des pistes d’actions pour les États, le monde d’internet et des réseaux sociaux et les acteurs de la société civile. L’infographie de l’Observation générale n°25, élaborée par le BICE, explique avec des mots simples ce que les acteurs concernés devraient faire pour mieux accompagner les enfants en ligne.</p>



<p>Informez-vous en cliquant sur l’infographie du BICE ci-dessous et agissons maintenant&nbsp;!</p>



<figure class="wp-block-image size-large"><a href="https://bice.org/app/uploads/2021/12/OG25-FRENCH.pdf"><img data-recalc-dims="1" decoding="async" width="724" height="1024" src="https://i0.wp.com/bice.org/app/uploads/2021/12/OG25-FRENCH-1.jpg?resize=724%2C1024&#038;ssl=1" alt="infographies environnement numérique" class="wp-image-64441" srcset="https://i0.wp.com/bice.org/app/uploads/2021/12/OG25-FRENCH-1-scaled.jpg?resize=724%2C1024&amp;ssl=1 724w, https://i0.wp.com/bice.org/app/uploads/2021/12/OG25-FRENCH-1-scaled.jpg?resize=212%2C300&amp;ssl=1 212w, https://i0.wp.com/bice.org/app/uploads/2021/12/OG25-FRENCH-1-scaled.jpg?resize=768%2C1086&amp;ssl=1 768w, https://i0.wp.com/bice.org/app/uploads/2021/12/OG25-FRENCH-1-scaled.jpg?resize=1086%2C1536&amp;ssl=1 1086w, https://i0.wp.com/bice.org/app/uploads/2021/12/OG25-FRENCH-1-scaled.jpg?resize=1448%2C2048&amp;ssl=1 1448w, https://i0.wp.com/bice.org/app/uploads/2021/12/OG25-FRENCH-1-scaled.jpg?resize=410%2C580&amp;ssl=1 410w, https://i0.wp.com/bice.org/app/uploads/2021/12/OG25-FRENCH-1-scaled.jpg?resize=600%2C849&amp;ssl=1 600w, https://i0.wp.com/bice.org/app/uploads/2021/12/OG25-FRENCH-1-scaled.jpg?w=1810&amp;ssl=1 1810w" sizes="(max-width: 724px) 100vw, 724px" /></a><figcaption class="wp-element-caption">© BICE</figcaption></figure>

<p>L’environnement numérique prend une place de plus en plus importante. Informez-vous avec l’infographie du BICE et agissons maintenant !</p>

<!-- This site is optimized with the Yoast SEO plugin v27.2 - https://yoast.com/product/yoast-seo-wordpress/ -->
<title>Droits de l&#039;enfant et environnement numérique - le BICE</title>
<meta name="description" content="L’environnement numérique prend une place de plus en plus importante. Informez-vous avec l’infographie du BICE et agissons maintenant !" />
<meta name="robots" content="index, follow, max-snippet:-1, max-image-preview:large, max-video-preview:-1" />
<link rel="canonical" href="https://bice.org/fr/wp-json/wp/v2/pages/64425" />
<meta property="og:locale" content="fr_FR" />
<meta property="og:type" content="article" />
<meta property="og:title" content="Droits de l&#039;enfant et environnement numérique - le BICE" />
<meta property="og:description" content="L’environnement numérique prend une place de plus en plus importante. Informez-vous avec l’infographie du BICE et agissons maintenant !" />
<meta property="og:url" content="https://bice.org/fr/le-bice/des-ressources-pour-les-membres/infographies-og-n25-les-droits-de-lenfant-en-relation-avec-lenvironnement-numerique/" />
<meta property="og:site_name" content="BICE - ONG de protection des droits de l&#039;enfant" />
<meta property="article:modified_time" content="2023-05-11T08:34:21+00:00" />
<meta property="og:image" content="https://i0.wp.com/bice.org/app/uploads/2021/03/enfants-tablette-e1680252502246.jpg?fit=1000%2C580&ssl=1" />
	<meta property="og:image:width" content="1000" />
	<meta property="og:image:height" content="580" />
	<meta property="og:image:type" content="image/jpeg" />
<meta name="twitter:card" content="summary_large_image" />
<meta name="twitter:label1" content="Durée de lecture estimée" />
	<meta name="twitter:data1" content="2 minutes" />
<!-- / Yoast SEO plugin. -->

Droits de l'enfant et environnement numérique - le BICE

L’environnement numérique prend une place de plus en plus importante. Informez-vous avec l’infographie du BICE et agissons maintenant !

numérique - sécurité des enfants sur Internet

Notre mission : Défendre les droits et la dignité des enfants partout dans le monde
