{"id":8977,"date":"2015-11-04T13:50:13","date_gmt":"2015-11-04T13:50:13","guid":{"rendered":"https:\/\/bice.org\/fr\/?page_id=8977"},"modified":"2025-06-17T09:58:05","modified_gmt":"2025-06-17T07:58:05","slug":"organigramme-du-bureau-international-catholique-de-l-enfance","status":"publish","type":"page","link":"https:\/\/bice.org\/fr\/le-bice\/organisation\/organigramme-du-bureau-international-catholique-de-l-enfance\/","title":{"rendered":"Organigramme"},"content":{"rendered":"\n<p>Son Pr\u00e9sident actuel est Monsieur <a href=\"https:\/\/bice.org\/fr\/la-biographie-d-olivier-duval\/\">Olivier Duval<\/a>, son Tr\u00e9sorier Monsieur Christian de Chastellux et sa Secr\u00e9taire G\u00e9n\u00e9rale Madame <a title=\"Biographie Alessandra Aula\" href=\"https:\/\/bice.org\/fr\/biographie-alessandra-aula\/\">Alessandra Aula<\/a>.<br>L\u2019\u00e9quipe du BICE, compos\u00e9e d\u2019une quinzaine de salari\u00e9s, est charg\u00e9e de la conception et du suivi technique et financier des projets et programmes de terrain, des initiatives de plaidoyer, des publications \u00e9ditoriales et grand public, de l\u2019organisation d\u2019\u00e9v\u00e9nements de sensibilisation, de la gestion des dons r\u00e9colt\u00e9s et des relations avec les donateurs et de la collecte de fonds.<br>Il y a aussi un travail permanent de Recherche et D\u00e9veloppement en particulier dans le domaine de la R\u00e9silience.<\/p>\n\n\n\n<h2 class=\"wp-block-heading\">BICE Paris (Si\u00e8ge social)<\/h2>\n\n\n\n<ul class=\"wp-block-list\">\n<li>9 rue du Delta, 75009 Paris, France<\/li>\n\n\n\n<li>Contact : <a href=\"https:\/\/bice.org\/fr\/contact\/\">mail<\/a> &#8211; t\u00e9l\u00e9phone : +33 1 53 35 01 00<\/li>\n\n\n\n<li>Direction du bureau : V\u00e9ronique Brossier<\/li>\n\n\n\n<li>Missions : Supervision des projets et programmes de terrain, relations avec les donateurs, collecte de fonds priv\u00e9e, communication, administration et finances.<\/li>\n<\/ul>\n\n\n\n<h2 class=\"wp-block-heading\">BICE Gen\u00e8ve<\/h2>\n\n\n\n<ul class=\"wp-block-list\">\n<li>11 rue Butini, CH-1202 Gen\u00e8ve, Suisse<\/li>\n\n\n\n<li>Contact : <a href=\"mailto:advocacy@bice.org\">mail<\/a> &#8211; t\u00e9l\u00e9phone : +41 22 731 32 48<\/li>\n\n\n\n<li>Direction du bureau : Alessandra Aula, Secr\u00e9taire g\u00e9n\u00e9rale<\/li>\n\n\n\n<li>Missions : secr\u00e9tariat g\u00e9n\u00e9ral, repr\u00e9sentation permanente \u00e0 l\u2019ONU et coordination des activit\u00e9s de plaidoyer, recherche et d\u00e9veloppement notamment sur la r\u00e9silience, d\u00e9veloppement et animation du r\u00e9seau de membres, relations avec les bailleurs de fonds institutionnels, administration et finances.<\/li>\n<\/ul>\n\n\n\n<h2 class=\"wp-block-heading\">Composition des \u00e9quipes<\/h2>\n\n\n\n<h3 class=\"wp-block-heading\">Direction<\/h3>\n\n\n\n<ul class=\"wp-block-list\">\n<li>Alessandra Aula, Secr\u00e9taire g\u00e9n\u00e9rale<\/li>\n\n\n\n<li>V\u00e9ronique Brossier, Directrice de la communication et de la lev\u00e9e de fonds<\/li>\n<\/ul>\n\n\n\n<h3 class=\"wp-block-heading\">Programmes et projets<\/h3>\n\n\n\n<ul class=\"wp-block-list\">\n<li>Diana Filatova, Responsable du programme violences et Charg\u00e9e de programmes Europe, Asie centrale et Cambodge<\/li>\n\n\n\n<li><span style=\"line-height: 1.5;\">Marie-Laure Joliveau, Charg\u00e9e de programmes Afrique<\/span><\/li>\n<\/ul>\n\n\n\n<h3 class=\"wp-block-heading\">Plaidoyer<\/h3>\n\n\n\n<ul class=\"wp-block-list\">\n<li>Yao Agbetse, Coordinateur<\/li>\n<\/ul>\n\n\n\n<h3 class=\"wp-block-heading\">Communication, recherche de fonds et relation donateurs<\/h3>\n\n\n\n<ul class=\"wp-block-list\">\n<li>Bastien Bui, Charg\u00e9 de relations donateurs et testateurs<\/li>\n\n\n\n<li>Blaise Levaillant, Charg\u00e9 de projets techniques digitaux<\/li>\n\n\n\n<li>Anne-Sophie Noblet, Responsable collecte grand public<\/li>\n\n\n\n<li>Tiphaine Poidevin, Charg\u00e9e de communication \u00e9ditoriale et r\u00e9seaux sociaux<\/li>\n<\/ul>\n\n\n\n<h3 class=\"wp-block-heading\">Comptabilit\u00e9 et gestion du personnel<\/h3>\n\n\n\n<ul class=\"wp-block-list\">\n<li>Habiba Horchi, Responsable administratif et financier Paris<\/li>\n\n\n\n<li>Dominique Wyss, Comptabilit\u00e9 Gen\u00e8ve (externalis\u00e9e)<\/li>\n<\/ul>\n\n\n\n<h3 class=\"wp-block-heading\">Consultant externe Recherche et D\u00e9veloppement<\/h3>\n\n\n\n<ul class=\"wp-block-list\">\n<li>Diego Mu\u00f1oz<\/li>\n<\/ul>\n\n\n\n<p>Vous souhaitez nous rejoindre ?<br><a href=\"https:\/\/bice.org\/fr\/nous-soutenir\/nous-rejoindre\/emploi-associatio\/\">Consultez notre rubrique emploi.<\/a><\/p>\n","protected":false},"excerpt":{"rendered":"<p>Le Bureau International Catholique de l\u2019Enfance est une association catholique fran\u00e7aise cr\u00e9\u00e9e en 1948 selon le r\u00e9gime juridique des associations loi 1901.<\/p>\n","protected":false},"author":1,"featured_media":176467,"parent":8934,"menu_order":0,"comment_status":"closed","ping_status":"closed","template":"","meta":{"_acf_changed":false,"footnotes":""},"class_list":["post-8977","page","type-page","status-publish","has-post-thumbnail","hentry"],"acf":[],"yoast_head":"<!-- This site is optimized with the Yoast SEO plugin v27.2 - https:\/\/yoast.com\/product\/yoast-seo-wordpress\/ -->\n<title>Organigramme du Bureau International Catholique de l&#039;Enfance<\/title>\n<meta name=\"description\" content=\"Le Bureau International Catholique de l&#039;Enfance est une association catholique install\u00e9e \u00e0 Paris en France et \u00e0 Gen\u00e8ve en Suisse.\" \/>\n<meta name=\"robots\" content=\"index, follow, max-snippet:-1, max-image-preview:large, max-video-preview:-1\" \/>\n<link rel=\"canonical\" href=\"https:\/\/bice.org\/fr\/wp-json\/wp\/v2\/pages\/8977\" \/>\n<meta property=\"og:locale\" content=\"fr_FR\" \/>\n<meta property=\"og:type\" content=\"article\" \/>\n<meta property=\"og:title\" content=\"Organigramme du Bureau International Catholique de l&#039;Enfance\" \/>\n<meta property=\"og:description\" content=\"Le Bureau International Catholique de l&#039;Enfance est une association catholique install\u00e9e \u00e0 Paris en France et \u00e0 Gen\u00e8ve en Suisse.\" \/>\n<meta property=\"og:url\" content=\"https:\/\/bice.org\/fr\/le-bice\/organisation\/organigramme-du-bureau-international-catholique-de-l-enfance\/\" \/>\n<meta property=\"og:site_name\" content=\"BICE - ONG de protection des droits de l&#039;enfant\" \/>\n<meta property=\"article:modified_time\" content=\"2025-06-17T07:58:05+00:00\" \/>\n<meta property=\"og:image\" content=\"https:\/\/i0.wp.com\/bice.org\/app\/uploads\/2024\/04\/photo-dequipe.jpg?fit=1000%2C580&ssl=1\" \/>\n\t<meta property=\"og:image:width\" content=\"1000\" \/>\n\t<meta property=\"og:image:height\" content=\"580\" \/>\n\t<meta property=\"og:image:type\" content=\"image\/jpeg\" \/>\n<meta name=\"twitter:card\" content=\"summary_large_image\" \/>\n<meta name=\"twitter:label1\" content=\"Dur\u00e9e de lecture estim\u00e9e\" \/>\n\t<meta name=\"twitter:data1\" content=\"2 minutes\" \/>\n<!-- \/ Yoast SEO plugin. -->","yoast_head_json":{"title":"Organigramme du Bureau International Catholique de l'Enfance","description":"Le Bureau International Catholique de l'Enfance est une association catholique install\u00e9e \u00e0 Paris en France et \u00e0 Gen\u00e8ve en Suisse.","robots":{"index":"index","follow":"follow","max-snippet":"max-snippet:-1","max-image-preview":"max-image-preview:large","max-video-preview":"max-video-preview:-1"},"canonical":"https:\/\/bice.org\/fr\/wp-json\/wp\/v2\/pages\/8977","og_locale":"fr_FR","og_type":"article","og_title":"Organigramme du Bureau International Catholique de l'Enfance","og_description":"Le Bureau International Catholique de l'Enfance est une association catholique install\u00e9e \u00e0 Paris en France et \u00e0 Gen\u00e8ve en Suisse.","og_url":"https:\/\/bice.org\/fr\/le-bice\/organisation\/organigramme-du-bureau-international-catholique-de-l-enfance\/","og_site_name":"BICE - ONG de protection des droits de l&#039;enfant","article_modified_time":"2025-06-17T07:58:05+00:00","og_image":[{"width":1000,"height":580,"url":"https:\/\/i0.wp.com\/bice.org\/app\/uploads\/2024\/04\/photo-dequipe.jpg?fit=1000%2C580&ssl=1","type":"image\/jpeg"}],"twitter_card":"summary_large_image","twitter_misc":{"Dur\u00e9e de lecture estim\u00e9e":"2 minutes"},"schema":{"@context":"https:\/\/schema.org","@graph":[{"@type":"WebPage","@id":"https:\/\/bice.org\/fr\/le-bice\/organisation\/organigramme-du-bureau-international-catholique-de-l-enfance\/","url":"https:\/\/bice.org\/fr\/le-bice\/organisation\/organigramme-du-bureau-international-catholique-de-l-enfance\/","name":"Organigramme du Bureau International Catholique de l'Enfance","isPartOf":{"@id":"https:\/\/bice.org\/fr\/#website"},"primaryImageOfPage":{"@id":"https:\/\/bice.org\/fr\/le-bice\/organisation\/organigramme-du-bureau-international-catholique-de-l-enfance\/#primaryimage"},"image":{"@id":"https:\/\/bice.org\/fr\/le-bice\/organisation\/organigramme-du-bureau-international-catholique-de-l-enfance\/#primaryimage"},"thumbnailUrl":"https:\/\/i0.wp.com\/bice.org\/app\/uploads\/2024\/04\/photo-dequipe.jpg?fit=1000%2C580&ssl=1","datePublished":"2015-11-04T13:50:13+00:00","dateModified":"2025-06-17T07:58:05+00:00","description":"Le Bureau International Catholique de l'Enfance est une association catholique install\u00e9e \u00e0 Paris en France et \u00e0 Gen\u00e8ve en Suisse.","breadcrumb":{"@id":"https:\/\/bice.org\/fr\/le-bice\/organisation\/organigramme-du-bureau-international-catholique-de-l-enfance\/#breadcrumb"},"inLanguage":"fr-FR","potentialAction":[{"@type":"ReadAction","target":["https:\/\/bice.org\/fr\/le-bice\/organisation\/organigramme-du-bureau-international-catholique-de-l-enfance\/"]}]},{"@type":"ImageObject","inLanguage":"fr-FR","@id":"https:\/\/bice.org\/fr\/le-bice\/organisation\/organigramme-du-bureau-international-catholique-de-l-enfance\/#primaryimage","url":"https:\/\/i0.wp.com\/bice.org\/app\/uploads\/2024\/04\/photo-dequipe.jpg?fit=1000%2C580&ssl=1","contentUrl":"https:\/\/i0.wp.com\/bice.org\/app\/uploads\/2024\/04\/photo-dequipe.jpg?fit=1000%2C580&ssl=1","width":1000,"height":580,"caption":"L'\u00e9quipe du BICE dans les bureaux de l'association \u00e0 Paris."},{"@type":"BreadcrumbList","@id":"https:\/\/bice.org\/fr\/le-bice\/organisation\/organigramme-du-bureau-international-catholique-de-l-enfance\/#breadcrumb","itemListElement":[{"@type":"ListItem","position":1,"name":"Accueil","item":"https:\/\/bice.org\/fr\/"},{"@type":"ListItem","position":2,"name":"Le BICE, une ONG de protection des droits de l&#8217;enfant","item":"https:\/\/bice.org\/fr\/le-bice\/"},{"@type":"ListItem","position":3,"name":"Notre organisation","item":"https:\/\/bice.org\/fr\/le-bice\/organisation\/"},{"@type":"ListItem","position":4,"name":"Organigramme"}]},{"@type":"WebSite","@id":"https:\/\/bice.org\/fr\/#website","url":"https:\/\/bice.org\/fr\/","name":"BICE - ONG de protection des droits de l&#039;enfant","description":"Notre mission : D\u00e9fendre les droits et la dignit\u00e9 des enfants partout dans le monde","publisher":{"@id":"https:\/\/bice.org\/fr\/#organization"},"potentialAction":[{"@type":"SearchAction","target":{"@type":"EntryPoint","urlTemplate":"https:\/\/bice.org\/fr\/?s={search_term_string}"},"query-input":{"@type":"PropertyValueSpecification","valueRequired":true,"valueName":"search_term_string"}}],"inLanguage":"fr-FR"},{"@type":"Organization","@id":"https:\/\/bice.org\/fr\/#organization","name":"BICE","url":"https:\/\/bice.org\/fr\/","logo":{"@type":"ImageObject","inLanguage":"fr-FR","@id":"https:\/\/bice.org\/fr\/#\/schema\/logo\/image\/","url":"https:\/\/bice.org\/app\/uploads\/2022\/06\/favicon.ico","contentUrl":"https:\/\/bice.org\/app\/uploads\/2022\/06\/favicon.ico","width":64,"height":64,"caption":"BICE"},"image":{"@id":"https:\/\/bice.org\/fr\/#\/schema\/logo\/image\/"}}]}},"jetpack_sharing_enabled":true,"_links":{"self":[{"href":"https:\/\/bice.org\/fr\/wp-json\/wp\/v2\/pages\/8977","targetHints":{"allow":["GET"]}}],"collection":[{"href":"https:\/\/bice.org\/fr\/wp-json\/wp\/v2\/pages"}],"about":[{"href":"https:\/\/bice.org\/fr\/wp-json\/wp\/v2\/types\/page"}],"author":[{"embeddable":true,"href":"https:\/\/bice.org\/fr\/wp-json\/wp\/v2\/users\/1"}],"replies":[{"embeddable":true,"href":"https:\/\/bice.org\/fr\/wp-json\/wp\/v2\/comments?post=8977"}],"version-history":[{"count":2,"href":"https:\/\/bice.org\/fr\/wp-json\/wp\/v2\/pages\/8977\/revisions"}],"predecessor-version":[{"id":304981,"href":"https:\/\/bice.org\/fr\/wp-json\/wp\/v2\/pages\/8977\/revisions\/304981"}],"up":[{"embeddable":true,"href":"https:\/\/bice.org\/fr\/wp-json\/wp\/v2\/pages\/8934"}],"wp:featuredmedia":[{"embeddable":true,"href":"https:\/\/bice.org\/fr\/wp-json\/wp\/v2\/media\/176467"}],"wp:attachment":[{"href":"https:\/\/bice.org\/fr\/wp-json\/wp\/v2\/media?parent=8977"}],"curies":[{"name":"wp","href":"https:\/\/api.w.org\/{rel}","templated":true}]}}

<p>Son Président actuel est Monsieur <a href="https://bice.org/fr/la-biographie-d-olivier-duval/">Olivier Duval</a>, son Trésorier Monsieur Christian de Chastellux et sa Secrétaire Générale Madame <a title="Biographie Alessandra Aula" href="https://bice.org/fr/biographie-alessandra-aula/">Alessandra Aula</a>.<br>L’équipe du BICE, composée d’une quinzaine de salariés, est chargée de la conception et du suivi technique et financier des projets et programmes de terrain, des initiatives de plaidoyer, des publications éditoriales et grand public, de l’organisation d’événements de sensibilisation, de la gestion des dons récoltés et des relations avec les donateurs et de la collecte de fonds.<br>Il y a aussi un travail permanent de Recherche et Développement en particulier dans le domaine de la Résilience.</p>



<h2 class="wp-block-heading">BICE Paris (Siège social)</h2>



<ul class="wp-block-list">
<li>9 rue du Delta, 75009 Paris, France</li>



<li>Contact : <a href="https://bice.org/fr/contact/">mail</a> &#8211; téléphone : +33 1 53 35 01 00</li>



<li>Direction du bureau : Véronique Brossier</li>



<li>Missions : Supervision des projets et programmes de terrain, relations avec les donateurs, collecte de fonds privée, communication, administration et finances.</li>
</ul>



<h2 class="wp-block-heading">BICE Genève</h2>



<ul class="wp-block-list">
<li>11 rue Butini, CH-1202 Genève, Suisse</li>



<li>Contact : <a href="mailto:advocacy@bice.org">mail</a> &#8211; téléphone : +41 22 731 32 48</li>



<li>Direction du bureau : Alessandra Aula, Secrétaire générale</li>



<li>Missions : secrétariat général, représentation permanente à l’ONU et coordination des activités de plaidoyer, recherche et développement notamment sur la résilience, développement et animation du réseau de membres, relations avec les bailleurs de fonds institutionnels, administration et finances.</li>
</ul>



<h2 class="wp-block-heading">Composition des équipes</h2>



<h3 class="wp-block-heading">Direction</h3>



<ul class="wp-block-list">
<li>Alessandra Aula, Secrétaire générale</li>



<li>Véronique Brossier, Directrice de la communication et de la levée de fonds</li>
</ul>



<h3 class="wp-block-heading">Programmes et projets</h3>



<ul class="wp-block-list">
<li>Diana Filatova, Responsable du programme violences et Chargée de programmes Europe, Asie centrale et Cambodge</li>



<li><span style="line-height: 1.5;">Marie-Laure Joliveau, Chargée de programmes Afrique</span></li>
</ul>



<h3 class="wp-block-heading">Plaidoyer</h3>



<ul class="wp-block-list">
<li>Yao Agbetse, Coordinateur</li>
</ul>



<h3 class="wp-block-heading">Communication, recherche de fonds et relation donateurs</h3>



<ul class="wp-block-list">
<li>Bastien Bui, Chargé de relations donateurs et testateurs</li>



<li>Blaise Levaillant, Chargé de projets techniques digitaux</li>



<li>Anne-Sophie Noblet, Responsable collecte grand public</li>



<li>Tiphaine Poidevin, Chargée de communication éditoriale et réseaux sociaux</li>
</ul>



<h3 class="wp-block-heading">Comptabilité et gestion du personnel</h3>



<ul class="wp-block-list">
<li>Habiba Horchi, Responsable administratif et financier Paris</li>



<li>Dominique Wyss, Comptabilité Genève (externalisée)</li>
</ul>



<h3 class="wp-block-heading">Consultant externe Recherche et Développement</h3>



<ul class="wp-block-list">
<li>Diego Muñoz</li>
</ul>



<p>Vous souhaitez nous rejoindre ?<br><a href="https://bice.org/fr/nous-soutenir/nous-rejoindre/emploi-associatio/">Consultez notre rubrique emploi.</a></p>

<p>Le Bureau International Catholique de l’Enfance est une association catholique française créée en 1948 selon le régime juridique des associations loi 1901.</p>

<!-- This site is optimized with the Yoast SEO plugin v27.2 - https://yoast.com/product/yoast-seo-wordpress/ -->
<title>Organigramme du Bureau International Catholique de l&#039;Enfance</title>
<meta name="description" content="Le Bureau International Catholique de l&#039;Enfance est une association catholique installée à Paris en France et à Genève en Suisse." />
<meta name="robots" content="index, follow, max-snippet:-1, max-image-preview:large, max-video-preview:-1" />
<link rel="canonical" href="https://bice.org/fr/wp-json/wp/v2/pages/8977" />
<meta property="og:locale" content="fr_FR" />
<meta property="og:type" content="article" />
<meta property="og:title" content="Organigramme du Bureau International Catholique de l&#039;Enfance" />
<meta property="og:description" content="Le Bureau International Catholique de l&#039;Enfance est une association catholique installée à Paris en France et à Genève en Suisse." />
<meta property="og:url" content="https://bice.org/fr/le-bice/organisation/organigramme-du-bureau-international-catholique-de-l-enfance/" />
<meta property="og:site_name" content="BICE - ONG de protection des droits de l&#039;enfant" />
<meta property="article:modified_time" content="2025-06-17T07:58:05+00:00" />
<meta property="og:image" content="https://i0.wp.com/bice.org/app/uploads/2024/04/photo-dequipe.jpg?fit=1000%2C580&ssl=1" />
	<meta property="og:image:width" content="1000" />
	<meta property="og:image:height" content="580" />
	<meta property="og:image:type" content="image/jpeg" />
<meta name="twitter:card" content="summary_large_image" />
<meta name="twitter:label1" content="Durée de lecture estimée" />
	<meta name="twitter:data1" content="2 minutes" />
<!-- / Yoast SEO plugin. -->

Le Bureau International Catholique de l'Enfance est une association catholique installée à Paris en France et à Genève en Suisse.

L'équipe du BICE dans les bureaux de l'association à Paris.

Notre mission : Défendre les droits et la dignité des enfants partout dans le monde
